{"id":3222,"date":"2025-09-10T18:51:13","date_gmt":"2025-09-10T21:51:13","guid":{"rendered":"https:\/\/projetointeligenciasocial.com.br\/gincanasocial\/?page_id=3222"},"modified":"2026-02-04T19:20:45","modified_gmt":"2026-02-04T22:20:45","slug":"regulamento","status":"publish","type":"page","link":"https:\/\/projetointeligenciasocial.com.br\/gincanasocial\/regulamento\/","title":{"rendered":"Regulamento"},"content":{"rendered":"\t\t<div data-elementor-type=\"wp-post\" data-elementor-id=\"3222\" class=\"elementor elementor-3222\">\n\t\t\t\t\t\t<section class=\"elementor-section elementor-top-section elementor-element elementor-element-a1386bb elementor-section-full_width elementor-section-stretched elementor-section-height-default elementor-section-height-default\" data-id=\"a1386bb\" data-element_type=\"section\" data-settings=\"{&quot;stretch_section&quot;:&quot;section-stretched&quot;}\">\n\t\t\t\t\t\t<div class=\"elementor-container elementor-column-gap-default\">\n\t\t\t\t\t<div class=\"elementor-column elementor-col-100 elementor-top-column elementor-element elementor-element-fb22e2e\" data-id=\"fb22e2e\" data-element_type=\"column\">\n\t\t\t<div class=\"elementor-widget-wrap elementor-element-populated\">\n\t\t\t\t\t\t<div class=\"elementor-element elementor-element-7a8aa09 elementor-widget__width-inherit elementor-hidden-desktop elementor-widget elementor-widget-image\" data-id=\"7a8aa09\" data-element_type=\"widget\" data-widget_type=\"image.default\">\n\t\t\t\t<div class=\"elementor-widget-container\">\n\t\t\t\t\t\t\t\t\t\t\t\t\t\t\t\t<a href=\"https:\/\/vivencias.projetointeligenciasocial.com.br\/cadastre-se-na-gincana-social-2025\">\n\t\t\t\t\t\t\t<img fetchpriority=\"high\" decoding=\"async\" width=\"400\" height=\"400\" src=\"https:\/\/projetointeligenciasocial.com.br\/gincanasocial\/wp-content\/uploads\/2026\/02\/Regulamento.png\" class=\"attachment-full size-full wp-image-3980\" alt=\"\" srcset=\"https:\/\/projetointeligenciasocial.com.br\/gincanasocial\/wp-content\/uploads\/2026\/02\/Regulamento.png 400w, https:\/\/projetointeligenciasocial.com.br\/gincanasocial\/wp-content\/uploads\/2026\/02\/Regulamento-300x300.png 300w, https:\/\/projetointeligenciasocial.com.br\/gincanasocial\/wp-content\/uploads\/2026\/02\/Regulamento-150x150.png 150w\" sizes=\"(max-width: 400px) 100vw, 400px\" \/>\t\t\t\t\t\t\t\t<\/a>\n\t\t\t\t\t\t\t\t\t\t\t\t\t\t\t<\/div>\n\t\t\t\t<\/div>\n\t\t\t\t<div class=\"elementor-element elementor-element-5c793b7 elementor-widget__width-inherit elementor-hidden-mobile elementor-widget elementor-widget-image\" data-id=\"5c793b7\" data-element_type=\"widget\" data-widget_type=\"image.default\">\n\t\t\t\t<div class=\"elementor-widget-container\">\n\t\t\t\t\t\t\t\t\t\t\t\t\t\t\t\t<a href=\"https:\/\/vivencias.projetointeligenciasocial.com.br\/cadastre-se-na-gincana-social-2025\">\n\t\t\t\t\t\t\t<img decoding=\"async\" width=\"1920\" height=\"700\" src=\"https:\/\/projetointeligenciasocial.com.br\/gincanasocial\/wp-content\/uploads\/2026\/02\/Gincana-Social_Regulamento.jpg\" class=\"attachment-full size-full wp-image-3984\" alt=\"\" srcset=\"https:\/\/projetointeligenciasocial.com.br\/gincanasocial\/wp-content\/uploads\/2026\/02\/Gincana-Social_Regulamento.jpg 1920w, https:\/\/projetointeligenciasocial.com.br\/gincanasocial\/wp-content\/uploads\/2026\/02\/Gincana-Social_Regulamento-300x109.jpg 300w, https:\/\/projetointeligenciasocial.com.br\/gincanasocial\/wp-content\/uploads\/2026\/02\/Gincana-Social_Regulamento-1024x373.jpg 1024w, https:\/\/projetointeligenciasocial.com.br\/gincanasocial\/wp-content\/uploads\/2026\/02\/Gincana-Social_Regulamento-768x280.jpg 768w, https:\/\/projetointeligenciasocial.com.br\/gincanasocial\/wp-content\/uploads\/2026\/02\/Gincana-Social_Regulamento-1536x560.jpg 1536w\" sizes=\"(max-width: 1920px) 100vw, 1920px\" \/>\t\t\t\t\t\t\t\t<\/a>\n\t\t\t\t\t\t\t\t\t\t\t\t\t\t\t<\/div>\n\t\t\t\t<\/div>\n\t\t\t\t<section class=\"elementor-section elementor-inner-section elementor-element elementor-element-a0cbeea elementor-section-boxed elementor-section-height-default elementor-section-height-default\" data-id=\"a0cbeea\" data-element_type=\"section\">\n\t\t\t\t\t\t<div class=\"elementor-container elementor-column-gap-default\">\n\t\t\t\t\t<div class=\"elementor-column elementor-col-100 elementor-inner-column elementor-element elementor-element-27f1024\" data-id=\"27f1024\" data-element_type=\"column\">\n\t\t\t<div class=\"elementor-widget-wrap elementor-element-populated\">\n\t\t\t\t\t\t<div class=\"elementor-element elementor-element-ab7e3d6 elementor-widget elementor-widget-heading\" data-id=\"ab7e3d6\" data-element_type=\"widget\" data-widget_type=\"heading.default\">\n\t\t\t\t<div class=\"elementor-widget-container\">\n\t\t\t\t\t<h2 class=\"elementor-heading-title elementor-size-default\">Regulamento da Gincana Social 2025<\/h2>\t\t\t\t<\/div>\n\t\t\t\t<\/div>\n\t\t\t\t<div class=\"elementor-element elementor-element-8d490ff elementor-widget elementor-widget-text-editor\" data-id=\"8d490ff\" data-element_type=\"widget\" data-widget_type=\"text-editor.default\">\n\t\t\t\t<div class=\"elementor-widget-container\">\n\t\t\t\t\t\t\t\t\t<p>A <b>Gincana Social 2025<\/b> \u00e9 uma iniciativa do Programa OBA nas Escolas, da&nbsp;<strong>ONG Banco de Alimentos<\/strong>, realizada por meio do <b>Projeto Intelig\u00eancia Social<\/b>. Este regulamento estabelece as diretrizes para participa\u00e7\u00e3o das institui\u00e7\u00f5es de ensino, garantindo transpar\u00eancia e organiza\u00e7\u00e3o em todas as etapas da campanha.<\/p>\t\t\t\t\t\t\t\t<\/div>\n\t\t\t\t<\/div>\n\t\t\t\t\t<\/div>\n\t\t<\/div>\n\t\t\t\t\t<\/div>\n\t\t<\/section>\n\t\t\t\t<div class=\"elementor-element elementor-element-73c0303 elementor-widget elementor-widget-heading\" data-id=\"73c0303\" data-element_type=\"widget\" data-widget_type=\"heading.default\">\n\t\t\t\t<div class=\"elementor-widget-container\">\n\t\t\t\t\t<h2 class=\"elementor-heading-title elementor-size-default\">Regras de Participa\u00e7\u00e3o<\/h2>\t\t\t\t<\/div>\n\t\t\t\t<\/div>\n\t\t\t\t<section class=\"elementor-section elementor-inner-section elementor-element elementor-element-dea7043 elementor-section-boxed elementor-section-height-default elementor-section-height-default\" data-id=\"dea7043\" data-element_type=\"section\">\n\t\t\t\t\t\t<div class=\"elementor-container elementor-column-gap-default\">\n\t\t\t\t\t<div class=\"elementor-column elementor-col-100 elementor-inner-column elementor-element elementor-element-4111e0b\" data-id=\"4111e0b\" data-element_type=\"column\">\n\t\t\t<div class=\"elementor-widget-wrap elementor-element-populated\">\n\t\t\t\t\t\t<div class=\"elementor-element elementor-element-803a270 elementor-widget elementor-widget-text-editor\" data-id=\"803a270\" data-element_type=\"widget\" data-widget_type=\"text-editor.default\">\n\t\t\t\t<div class=\"elementor-widget-container\">\n\t\t\t\t\t\t\t\t\t<p><strong>1. Quem pode participar?<\/strong><\/p><p>Institui\u00e7\u00f5es de ensino de todo o Brasil: escolas, col\u00e9gios, faculdades e universidades.<\/p><p>\u00a0<\/p><p><strong>2. Inscri\u00e7\u00e3o<\/strong><\/p><p>Para participar, a institui\u00e7\u00e3o deve preencher o formul\u00e1rio com as seguintes informa\u00e7\u00f5es:<\/p><ul><li>Nome da institui\u00e7\u00e3o<\/li><li>Contato (email e telefone)<\/li><\/ul><p>\u00a0<\/p><p><strong>3. Per\u00edodo da Gincana<\/strong><\/p><p>De 1\u00ba de outubro a 10 de dezembro de 2025.<\/p><p>Cada institui\u00e7\u00e3o pode definir seu pr\u00f3prio cronograma de arrecada\u00e7\u00e3o dentro desse per\u00edodo.<\/p><p>\u00a0<\/p><p><strong>4. Arrecada\u00e7\u00e3o de Alimentos<\/strong><\/p><p><strong>\u00a04.1. Tipos de alimentos permitidos:<\/strong><\/p><ul><li>Arroz<\/li><li>Feij\u00e3o<\/li><li>\u00d3leo<\/li><li>Leite em p\u00f3<\/li><li>Achocolatado em p\u00f3<\/li><li>A\u00e7\u00facar<\/li><li>Macarr\u00e3o<\/li><li>Molho de tomate<\/li><li>Atum e sardinha em lata<\/li><li>Milho e ervilha em conserva<\/li><li>Farinha de trigo, milho e fub\u00e1<\/li><\/ul><p>\u00a0<\/p><p><strong>4.2. Validade m\u00ednima dos produtos:<\/strong><\/p><p>Todos os alimentos devem ter validade m\u00ednima at\u00e9 janeiro de 2026.<\/p><p>\u00a0<\/p><p><strong>4.3. Log\u00edstica de coleta:<\/strong><\/p><p>A ONG Banco de Alimentos ser\u00e1 respons\u00e1vel pela retirada dos alimentos e distribui\u00e7\u00e3o entre as entidades sociais cadastradas.<\/p><p>A coleta poder\u00e1 ocorrer mais de uma vez, conforme o volume arrecadado e o espa\u00e7o dispon\u00edvel na institui\u00e7\u00e3o.<\/p><p>\u00a0<\/p><p><strong>5. Divulga\u00e7\u00e3o e Reconhecimento<\/strong><\/p><p><strong>\u00a05.1. Certifica\u00e7\u00e3o<\/strong><\/p><p>Todas as institui\u00e7\u00f5es participantes receber\u00e3o um Certificado de Participa\u00e7\u00e3o e Men\u00e7\u00e3o Honrosa no site e redes sociais da ONG e do Projeto IS.<\/p><p>\u00a0<\/p><p><strong>5.2. Sorteio especial<\/strong><\/p><p>Institui\u00e7\u00f5es que arrecadarem acima de 250 kg concorrem ao sorteio de uma palestra com Luciana C. Quint\u00e3o, presencial na Grande S\u00e3o Paulo ou online para outras cidades.<\/p><p>\u00a0<\/p><p><strong>5.3. Autoriza\u00e7\u00e3o de imagem<\/strong><\/p><p>Ao participar, a institui\u00e7\u00e3o autoriza a divulga\u00e7\u00e3o de sua participa\u00e7\u00e3o nos canais oficiais da ONG Banco de Alimentos e do Projeto Intelig\u00eancia Social.<\/p><p>\u00a0<\/p><p><strong>6. Integra\u00e7\u00e3o \u00e0 Rede IS<\/strong><\/p><p>As institui\u00e7\u00f5es participantes poder\u00e3o integrar a Rede IS, com acesso a conte\u00fados educativos, ebooks, viv\u00eancias e atividades complementares voltadas \u00e0 intelig\u00eancia socioambiental.<\/p>\t\t\t\t\t\t\t\t<\/div>\n\t\t\t\t<\/div>\n\t\t\t\t<div class=\"elementor-element elementor-element-d3d17c2 elementor-widget-divider--view-line elementor-widget elementor-widget-divider\" data-id=\"d3d17c2\" data-element_type=\"widget\" data-widget_type=\"divider.default\">\n\t\t\t\t<div class=\"elementor-widget-container\">\n\t\t\t\t\t\t\t<div class=\"elementor-divider\">\n\t\t\t<span class=\"elementor-divider-separator\">\n\t\t\t\t\t\t<\/span>\n\t\t<\/div>\n\t\t\t\t\t\t<\/div>\n\t\t\t\t<\/div>\n\t\t\t\t\t<\/div>\n\t\t<\/div>\n\t\t\t\t\t<\/div>\n\t\t<\/section>\n\t\t\t\t\t<\/div>\n\t\t<\/div>\n\t\t\t\t\t<\/div>\n\t\t<\/section>\n\t\t\t\t<\/div>\n\t\t","protected":false},"excerpt":{"rendered":"<p>Regulamento da Gincana Social 2025 A Gincana Social 2025 \u00e9 uma iniciativa do Programa OBA nas Escolas, da&nbsp;ONG Banco de Alimentos, realizada por meio do Projeto Intelig\u00eancia Social. Este regulamento estabelece as diretrizes para participa\u00e7\u00e3o das institui\u00e7\u00f5es de ensino, garantindo transpar\u00eancia e organiza\u00e7\u00e3o em todas as etapas da campanha. Regras de Participa\u00e7\u00e3o 1. Quem pode [&hellip;]<\/p>\n","protected":false},"author":6,"featured_media":0,"parent":0,"menu_order":0,"comment_status":"closed","ping_status":"closed","template":"","meta":{"ocean_post_layout":"full-screen","ocean_both_sidebars_style":"","ocean_both_sidebars_content_width":0,"ocean_both_sidebars_sidebars_width":0,"ocean_sidebar":"","ocean_second_sidebar":"","ocean_disable_margins":"on","ocean_add_body_class":"","ocean_shortcode_before_top_bar":"","ocean_shortcode_after_top_bar":"","ocean_shortcode_before_header":"","ocean_shortcode_after_header":"","ocean_has_shortcode":"","ocean_shortcode_after_title":"","ocean_shortcode_before_footer_widgets":"","ocean_shortcode_after_footer_widgets":"","ocean_shortcode_before_footer_bottom":"","ocean_shortcode_after_footer_bottom":"","ocean_display_top_bar":"default","ocean_display_header":"default","ocean_header_style":"","ocean_center_header_left_menu":"","ocean_custom_header_template":"","ocean_custom_logo":0,"ocean_custom_retina_logo":0,"ocean_custom_logo_max_width":0,"ocean_custom_logo_tablet_max_width":0,"ocean_custom_logo_mobile_max_width":0,"ocean_custom_logo_max_height":0,"ocean_custom_logo_tablet_max_height":0,"ocean_custom_logo_mobile_max_height":0,"ocean_header_custom_menu":"","ocean_menu_typo_font_family":"","ocean_menu_typo_font_subset":"","ocean_menu_typo_font_size":0,"ocean_menu_typo_font_size_tablet":0,"ocean_menu_typo_font_size_mobile":0,"ocean_menu_typo_font_size_unit":"px","ocean_menu_typo_font_weight":"","ocean_menu_typo_font_weight_tablet":"","ocean_menu_typo_font_weight_mobile":"","ocean_menu_typo_transform":"","ocean_menu_typo_transform_tablet":"","ocean_menu_typo_transform_mobile":"","ocean_menu_typo_line_height":0,"ocean_menu_typo_line_height_tablet":0,"ocean_menu_typo_line_height_mobile":0,"ocean_menu_typo_line_height_unit":"","ocean_menu_typo_spacing":0,"ocean_menu_typo_spacing_tablet":0,"ocean_menu_typo_spacing_mobile":0,"ocean_menu_typo_spacing_unit":"","ocean_menu_link_color":"","ocean_menu_link_color_hover":"","ocean_menu_link_color_active":"","ocean_menu_link_background":"","ocean_menu_link_hover_background":"","ocean_menu_link_active_background":"","ocean_menu_social_links_bg":"","ocean_menu_social_hover_links_bg":"","ocean_menu_social_links_color":"","ocean_menu_social_hover_links_color":"","ocean_disable_title":"on","ocean_disable_heading":"default","ocean_post_title":"","ocean_post_subheading":"","ocean_post_title_style":"","ocean_post_title_background_color":"","ocean_post_title_background":0,"ocean_post_title_bg_image_position":"","ocean_post_title_bg_image_attachment":"","ocean_post_title_bg_image_repeat":"","ocean_post_title_bg_image_size":"","ocean_post_title_height":0,"ocean_post_title_bg_overlay":0.5,"ocean_post_title_bg_overlay_color":"","ocean_disable_breadcrumbs":"default","ocean_breadcrumbs_color":"","ocean_breadcrumbs_separator_color":"","ocean_breadcrumbs_links_color":"","ocean_breadcrumbs_links_hover_color":"","ocean_display_footer_widgets":"default","ocean_display_footer_bottom":"default","ocean_custom_footer_template":"","footnotes":""},"class_list":["post-3222","page","type-page","status-publish","hentry","entry"],"_links":{"self":[{"href":"https:\/\/projetointeligenciasocial.com.br\/gincanasocial\/wp-json\/wp\/v2\/pages\/3222","targetHints":{"allow":["GET"]}}],"collection":[{"href":"https:\/\/projetointeligenciasocial.com.br\/gincanasocial\/wp-json\/wp\/v2\/pages"}],"about":[{"href":"https:\/\/projetointeligenciasocial.com.br\/gincanasocial\/wp-json\/wp\/v2\/types\/page"}],"author":[{"embeddable":true,"href":"https:\/\/projetointeligenciasocial.com.br\/gincanasocial\/wp-json\/wp\/v2\/users\/6"}],"replies":[{"embeddable":true,"href":"https:\/\/projetointeligenciasocial.com.br\/gincanasocial\/wp-json\/wp\/v2\/comments?post=3222"}],"version-history":[{"count":36,"href":"https:\/\/projetointeligenciasocial.com.br\/gincanasocial\/wp-json\/wp\/v2\/pages\/3222\/revisions"}],"predecessor-version":[{"id":4044,"href":"https:\/\/projetointeligenciasocial.com.br\/gincanasocial\/wp-json\/wp\/v2\/pages\/3222\/revisions\/4044"}],"wp:attachment":[{"href":"https:\/\/projetointeligenciasocial.com.br\/gincanasocial\/wp-json\/wp\/v2\/media?parent=3222"}],"curies":[{"name":"wp","href":"https:\/\/api.w.org\/{rel}","templated":true}]}}